{"id":49,"date":"2024-12-30T20:48:57","date_gmt":"2024-12-30T17:48:57","guid":{"rendered":"https:\/\/optikim.com.tr\/?page_id=49"},"modified":"2025-11-11T20:22:18","modified_gmt":"2025-11-11T17:22:18","slug":"bir-giris-sayfasi-bolumu","status":"publish","type":"page","link":"https:\/\/optikim.com.tr\/?page_id=49","title":{"rendered":"Vernik"},"content":{"rendered":"\n<p><\/p>\n\n\n\n<div id=\"wp-block-themeisle-blocks-advanced-columns-29c9ec04\" class=\"wp-block-themeisle-blocks-advanced-columns alignfull has-3-columns has-desktop-equal-layout has-tablet-equal-layout has-mobile-collapsedRows-layout has-vertical-unset\"><div class=\"wp-block-themeisle-blocks-advanced-columns-overlay\"><\/div><div class=\"innerblocks-wrap\">\n<div id=\"wp-block-themeisle-blocks-advanced-column-0c1c72c3\" class=\"wp-block-themeisle-blocks-advanced-column\">\n<figure class=\"wp-block-image size-large has-custom-border\"><a href=\"https:\/\/optikim.com.tr\/wp-content\/uploads\/2025\/11\/203826_1-1-scaled.jpg\"><img loading=\"lazy\" decoding=\"async\" width=\"1024\" height=\"683\" src=\"https:\/\/optikim.com.tr\/wp-content\/uploads\/2025\/11\/203826_1-1-1024x683.jpg\" alt=\"\" class=\"wp-image-669\" style=\"border-style:none;border-width:0px;border-radius:0px\" srcset=\"https:\/\/optikim.com.tr\/wp-content\/uploads\/2025\/11\/203826_1-1-1024x683.jpg 1024w, https:\/\/optikim.com.tr\/wp-content\/uploads\/2025\/11\/203826_1-1-300x200.jpg 300w, https:\/\/optikim.com.tr\/wp-content\/uploads\/2025\/11\/203826_1-1-768x512.jpg 768w, https:\/\/optikim.com.tr\/wp-content\/uploads\/2025\/11\/203826_1-1-1536x1024.jpg 1536w, https:\/\/optikim.com.tr\/wp-content\/uploads\/2025\/11\/203826_1-1-2048x1365.jpg 2048w, https:\/\/optikim.com.tr\/wp-content\/uploads\/2025\/11\/203826_1-1-930x620.jpg 930w\" sizes=\"auto, (max-width: 1024px) 100vw, 1024px\" \/><\/a><\/figure>\n\n\n\n<div style=\"height:16px\" aria-hidden=\"true\" class=\"wp-block-spacer\"><\/div>\n\n\n\n<h3 class=\"wp-block-heading has-text-align-center has-text-color has-link-color wp-elements-10e9cdb4f6b17d2a0abcf9c40da07251\" style=\"color:#070731;margin-top:0px\">203826<\/h3>\n\n\n\n<p class=\"has-text-align-center has-text-color\" style=\"color:#ee3832;font-size:14px\"><strong><a href=\"https:\/\/optikim.com.tr\/wp-content\/uploads\/2025\/11\/203826_EN.pdf\" target=\"_blank\" rel=\"noreferrer noopener\">\u00dcr\u00fcn Bilgisi<\/a><\/strong><\/p>\n<\/div>\n\n\n\n<div id=\"wp-block-themeisle-blocks-advanced-column-28d7c423\" class=\"wp-block-themeisle-blocks-advanced-column\">\n<figure class=\"wp-block-image size-large has-custom-border\"><a href=\"https:\/\/optikim.com.tr\/wp-content\/uploads\/2025\/11\/2705M00152-1-scaled.jpg\"><img loading=\"lazy\" decoding=\"async\" width=\"1024\" height=\"683\" src=\"https:\/\/optikim.com.tr\/wp-content\/uploads\/2025\/11\/2705M00152-1-1024x683.jpg\" alt=\"\" class=\"wp-image-667\" style=\"border-style:none;border-width:0px;border-radius:0px\" srcset=\"https:\/\/optikim.com.tr\/wp-content\/uploads\/2025\/11\/2705M00152-1-1024x683.jpg 1024w, https:\/\/optikim.com.tr\/wp-content\/uploads\/2025\/11\/2705M00152-1-300x200.jpg 300w, https:\/\/optikim.com.tr\/wp-content\/uploads\/2025\/11\/2705M00152-1-768x512.jpg 768w, https:\/\/optikim.com.tr\/wp-content\/uploads\/2025\/11\/2705M00152-1-1536x1024.jpg 1536w, https:\/\/optikim.com.tr\/wp-content\/uploads\/2025\/11\/2705M00152-1-2048x1365.jpg 2048w, https:\/\/optikim.com.tr\/wp-content\/uploads\/2025\/11\/2705M00152-1-930x620.jpg 930w\" sizes=\"auto, (max-width: 1024px) 100vw, 1024px\" \/><\/a><\/figure>\n\n\n\n<div style=\"height:16px\" aria-hidden=\"true\" class=\"wp-block-spacer\"><\/div>\n\n\n\n<h3 class=\"wp-block-heading has-text-align-center has-text-color has-link-color wp-elements-85238b933cd9558203d789d163d2bc70\" style=\"color:#070731;margin-top:0px\">27005M0152<\/h3>\n\n\n\n<p class=\"has-text-align-center has-text-color\" style=\"color:#ee3832;font-size:14px\"><strong><strong><strong>\u00dcr\u00fcn Bilgisi<\/strong><\/strong><\/strong><\/p>\n<\/div>\n\n\n\n<div id=\"wp-block-themeisle-blocks-advanced-column-771be624\" class=\"wp-block-themeisle-blocks-advanced-column\">\n<figure class=\"wp-block-image size-large has-custom-border\"><a href=\"https:\/\/optikim.com.tr\/wp-content\/uploads\/2025\/11\/4108M2767-scaled.jpg\"><img loading=\"lazy\" decoding=\"async\" width=\"1024\" height=\"683\" src=\"https:\/\/optikim.com.tr\/wp-content\/uploads\/2025\/11\/4108M2767-1024x683.jpg\" alt=\"\" class=\"wp-image-586\" style=\"border-style:none;border-width:0px;border-radius:0px\" srcset=\"https:\/\/optikim.com.tr\/wp-content\/uploads\/2025\/11\/4108M2767-1024x683.jpg 1024w, https:\/\/optikim.com.tr\/wp-content\/uploads\/2025\/11\/4108M2767-300x200.jpg 300w, https:\/\/optikim.com.tr\/wp-content\/uploads\/2025\/11\/4108M2767-768x512.jpg 768w, https:\/\/optikim.com.tr\/wp-content\/uploads\/2025\/11\/4108M2767-1536x1024.jpg 1536w, https:\/\/optikim.com.tr\/wp-content\/uploads\/2025\/11\/4108M2767-2048x1365.jpg 2048w, https:\/\/optikim.com.tr\/wp-content\/uploads\/2025\/11\/4108M2767-930x620.jpg 930w\" sizes=\"auto, (max-width: 1024px) 100vw, 1024px\" \/><\/a><\/figure>\n\n\n\n<div style=\"height:16px\" aria-hidden=\"true\" class=\"wp-block-spacer\"><\/div>\n\n\n\n<h3 class=\"wp-block-heading has-text-align-center has-text-color has-link-color wp-elements-68693141b06d01ee097fd649b7dde1d4\" style=\"color:#070731;margin-top:0px\">4108M2767<\/h3>\n\n\n\n<p class=\"has-text-align-center has-text-color\" style=\"color:#ee3832;font-size:14px\"><strong><strong><strong><strong><a href=\"https:\/\/optikim.com.tr\/wp-content\/uploads\/2025\/11\/4108M02767_EN.pdf\" target=\"_blank\" rel=\"noreferrer noopener\">\u00dcr\u00fcn Bilgisi<\/a><\/strong><\/strong><\/strong><\/strong><\/p>\n<\/div>\n<\/div><\/div>\n\n\n\n<div id=\"wp-block-themeisle-blocks-advanced-columns-a2c96466\" class=\"wp-block-themeisle-blocks-advanced-columns alignfull has-3-columns has-desktop-equal-layout has-tablet-equal-layout has-mobile-collapsedRows-layout has-vertical-unset\"><div class=\"wp-block-themeisle-blocks-advanced-columns-overlay\"><\/div><div class=\"innerblocks-wrap\">\n<div id=\"wp-block-themeisle-blocks-advanced-column-57357248\" class=\"wp-block-themeisle-blocks-advanced-column\">\n<figure class=\"wp-block-image size-large has-custom-border\"><a href=\"https:\/\/optikim.com.tr\/wp-content\/uploads\/2025\/11\/22M05836-1-scaled.jpg\"><img loading=\"lazy\" decoding=\"async\" width=\"1024\" height=\"683\" src=\"https:\/\/optikim.com.tr\/wp-content\/uploads\/2025\/11\/22M05836-1-1024x683.jpg\" alt=\"\" class=\"wp-image-593\" style=\"border-style:none;border-width:0px;border-radius:0px\" srcset=\"https:\/\/optikim.com.tr\/wp-content\/uploads\/2025\/11\/22M05836-1-1024x683.jpg 1024w, https:\/\/optikim.com.tr\/wp-content\/uploads\/2025\/11\/22M05836-1-300x200.jpg 300w, https:\/\/optikim.com.tr\/wp-content\/uploads\/2025\/11\/22M05836-1-768x512.jpg 768w, https:\/\/optikim.com.tr\/wp-content\/uploads\/2025\/11\/22M05836-1-1536x1024.jpg 1536w, https:\/\/optikim.com.tr\/wp-content\/uploads\/2025\/11\/22M05836-1-2048x1365.jpg 2048w, https:\/\/optikim.com.tr\/wp-content\/uploads\/2025\/11\/22M05836-1-930x620.jpg 930w\" sizes=\"auto, (max-width: 1024px) 100vw, 1024px\" \/><\/a><\/figure>\n\n\n\n<div style=\"height:16px\" aria-hidden=\"true\" class=\"wp-block-spacer\"><\/div>\n\n\n\n<h3 class=\"wp-block-heading has-text-align-center has-text-color has-link-color wp-elements-74292984082fb6077714c349f9bec852\" style=\"color:#070731;margin-top:0px\">22M05836<\/h3>\n\n\n\n<p class=\"has-text-align-center has-text-color\" style=\"color:#ee3832;font-size:14px\"><strong><a href=\"https:\/\/optikim.com.tr\/wp-content\/uploads\/2025\/11\/22M05836_EN.pdf\" target=\"_blank\" rel=\"noreferrer noopener\">\u00dcr\u00fcn Bilgisi<\/a><\/strong><\/p>\n<\/div>\n\n\n\n<div id=\"wp-block-themeisle-blocks-advanced-column-aa5b3bff\" class=\"wp-block-themeisle-blocks-advanced-column\">\n<figure class=\"wp-block-image size-large has-custom-border\"><a href=\"https:\/\/optikim.com.tr\/wp-content\/uploads\/2025\/11\/820011-scaled.jpg\"><img loading=\"lazy\" decoding=\"async\" width=\"1024\" height=\"683\" src=\"https:\/\/optikim.com.tr\/wp-content\/uploads\/2025\/11\/820011-1024x683.jpg\" alt=\"\" class=\"wp-image-590\" style=\"border-style:none;border-width:0px;border-radius:0px\" srcset=\"https:\/\/optikim.com.tr\/wp-content\/uploads\/2025\/11\/820011-1024x683.jpg 1024w, https:\/\/optikim.com.tr\/wp-content\/uploads\/2025\/11\/820011-300x200.jpg 300w, https:\/\/optikim.com.tr\/wp-content\/uploads\/2025\/11\/820011-768x512.jpg 768w, https:\/\/optikim.com.tr\/wp-content\/uploads\/2025\/11\/820011-1536x1024.jpg 1536w, https:\/\/optikim.com.tr\/wp-content\/uploads\/2025\/11\/820011-2048x1365.jpg 2048w, https:\/\/optikim.com.tr\/wp-content\/uploads\/2025\/11\/820011-930x620.jpg 930w\" sizes=\"auto, (max-width: 1024px) 100vw, 1024px\" \/><\/a><\/figure>\n\n\n\n<div style=\"height:16px\" aria-hidden=\"true\" class=\"wp-block-spacer\"><\/div>\n\n\n\n<h3 class=\"wp-block-heading has-text-align-center has-text-color has-link-color wp-elements-197d7e2d5ae8385277a7f60a0ce11541\" style=\"color:#070731;margin-top:0px\">820011<\/h3>\n\n\n\n<p class=\"has-text-align-center has-text-color\" style=\"color:#ee3832;font-size:14px\"><strong><strong><strong><a href=\"https:\/\/optikim.com.tr\/wp-content\/uploads\/2025\/11\/820011_EN.pdf\" target=\"_blank\" rel=\"noreferrer noopener\">\u00dcr\u00fcn Bilgisi<\/a><\/strong><\/strong><\/strong><\/p>\n<\/div>\n\n\n\n<div id=\"wp-block-themeisle-blocks-advanced-column-3b1ea041\" class=\"wp-block-themeisle-blocks-advanced-column\">\n<figure class=\"wp-block-image size-large has-custom-border\"><a href=\"https:\/\/optikim.com.tr\/wp-content\/uploads\/2025\/11\/820006-scaled.jpg\"><img loading=\"lazy\" decoding=\"async\" width=\"1024\" height=\"683\" src=\"https:\/\/optikim.com.tr\/wp-content\/uploads\/2025\/11\/820006-1024x683.jpg\" alt=\"\" class=\"wp-image-670\" style=\"border-style:none;border-width:0px;border-radius:0px\" srcset=\"https:\/\/optikim.com.tr\/wp-content\/uploads\/2025\/11\/820006-1024x683.jpg 1024w, https:\/\/optikim.com.tr\/wp-content\/uploads\/2025\/11\/820006-300x200.jpg 300w, https:\/\/optikim.com.tr\/wp-content\/uploads\/2025\/11\/820006-768x512.jpg 768w, https:\/\/optikim.com.tr\/wp-content\/uploads\/2025\/11\/820006-1536x1024.jpg 1536w, https:\/\/optikim.com.tr\/wp-content\/uploads\/2025\/11\/820006-2048x1365.jpg 2048w, https:\/\/optikim.com.tr\/wp-content\/uploads\/2025\/11\/820006-930x620.jpg 930w\" sizes=\"auto, (max-width: 1024px) 100vw, 1024px\" \/><\/a><\/figure>\n\n\n\n<div style=\"height:16px\" aria-hidden=\"true\" class=\"wp-block-spacer\"><\/div>\n\n\n\n<h3 class=\"wp-block-heading has-text-align-center has-text-color has-link-color wp-elements-8b662501aebe8b5493b6c92f565e6c14\" style=\"color:#070731;margin-top:0px\">820006<\/h3>\n\n\n\n<p class=\"has-text-align-center has-text-color\" style=\"color:#ee3832;font-size:14px\"><strong><strong><strong><strong><a href=\"https:\/\/optikim.com.tr\/wp-content\/uploads\/2025\/11\/820006_EN.pdf\" target=\"_blank\" rel=\"noreferrer noopener\">\u00dcr\u00fcn Bilgisi<\/a><\/strong><\/strong><\/strong><\/strong><\/p>\n<\/div>\n<\/div><\/div>\n\n\n\n<div id=\"wp-block-themeisle-blocks-advanced-columns-cac61207\" class=\"wp-block-themeisle-blocks-advanced-columns alignfull has-3-columns has-desktop-equal-layout has-tablet-equal-layout has-mobile-collapsedRows-layout has-vertical-unset\"><div class=\"wp-block-themeisle-blocks-advanced-columns-overlay\"><\/div><div class=\"innerblocks-wrap\">\n<div id=\"wp-block-themeisle-blocks-advanced-column-5efe9075\" class=\"wp-block-themeisle-blocks-advanced-column\">\n<figure class=\"wp-block-image size-large has-custom-border\"><a href=\"https:\/\/optikim.com.tr\/wp-content\/uploads\/2025\/11\/22L00501-2-scaled.jpg\"><img loading=\"lazy\" decoding=\"async\" width=\"1024\" height=\"683\" src=\"https:\/\/optikim.com.tr\/wp-content\/uploads\/2025\/11\/22L00501-2-1024x683.jpg\" alt=\"\" class=\"wp-image-671\" style=\"border-style:none;border-width:0px;border-radius:0px\" srcset=\"https:\/\/optikim.com.tr\/wp-content\/uploads\/2025\/11\/22L00501-2-1024x683.jpg 1024w, https:\/\/optikim.com.tr\/wp-content\/uploads\/2025\/11\/22L00501-2-300x200.jpg 300w, https:\/\/optikim.com.tr\/wp-content\/uploads\/2025\/11\/22L00501-2-768x512.jpg 768w, https:\/\/optikim.com.tr\/wp-content\/uploads\/2025\/11\/22L00501-2-1536x1024.jpg 1536w, https:\/\/optikim.com.tr\/wp-content\/uploads\/2025\/11\/22L00501-2-2048x1365.jpg 2048w, https:\/\/optikim.com.tr\/wp-content\/uploads\/2025\/11\/22L00501-2-930x620.jpg 930w\" sizes=\"auto, (max-width: 1024px) 100vw, 1024px\" \/><\/a><\/figure>\n\n\n\n<div style=\"height:16px\" aria-hidden=\"true\" class=\"wp-block-spacer\"><\/div>\n\n\n\n<h3 class=\"wp-block-heading has-text-align-center has-text-color has-link-color wp-elements-6b3856e198b83bc7d43d85d91867159b\" style=\"color:#070731;margin-top:0px\">22L00501<\/h3>\n\n\n\n<p class=\"has-text-align-center has-text-color\" style=\"color:#ee3832;font-size:14px\"><strong><a href=\"https:\/\/optikim.com.tr\/wp-content\/uploads\/2025\/11\/22L00501_EN.pdf\" target=\"_blank\" rel=\"noreferrer noopener\">\u00dcr\u00fcn Bilgisi<\/a><\/strong><\/p>\n<\/div>\n\n\n\n<div id=\"wp-block-themeisle-blocks-advanced-column-db9a4d16\" class=\"wp-block-themeisle-blocks-advanced-column\">\n<div style=\"height:16px\" aria-hidden=\"true\" class=\"wp-block-spacer\"><\/div>\n\n\n\n<h3 class=\"wp-block-heading has-text-color has-link-color wp-elements-ddf1e1a94ae54e158cd87ee8251b5e27\" style=\"color:#070731;margin-top:0px\">.<\/h3>\n\n\n\n<p class=\"has-text-color\" style=\"color:#ee3832;font-size:14px\"><strong><strong>.<\/strong><\/strong><\/p>\n<\/div>\n\n\n\n<div id=\"wp-block-themeisle-blocks-advanced-column-0cf63bd8\" class=\"wp-block-themeisle-blocks-advanced-column\">\n<div style=\"height:16px\" aria-hidden=\"true\" class=\"wp-block-spacer\"><\/div>\n\n\n\n<h3 class=\"wp-block-heading has-text-color has-link-color wp-elements-ddf1e1a94ae54e158cd87ee8251b5e27\" style=\"color:#070731;margin-top:0px\">.<\/h3>\n\n\n\n<p class=\"has-text-color\" style=\"color:#ee3832;font-size:14px\"><strong><strong><strong>.<\/strong><\/strong><\/strong><\/p>\n<\/div>\n<\/div><\/div>\n\n\n\n<h3 class=\"wp-block-heading\">SAKLAMA KO\u015eULLARI:<\/h3>\n\n\n\n<p>Depolama odas\u0131 kuru, g\u00fcne\u015fe maruz kalmayan ve +10 \u00b0C ile +30 \u00b0C aras\u0131nda bir s\u0131cakl\u0131\u011fa sahip olmal\u0131d\u0131r. Rev.: 06\/22 Bu sayfada yer alan veriler ve bilgiler, deneyimlerimizin ve do\u011fru laboratuvar testlerimizin sonucudur. Ancak, boyama i\u015flemi kontrol\u00fcm\u00fcz d\u0131\u015f\u0131nda ger\u00e7ekle\u015fen bir dizi i\u015flem oldu\u011fundan, \u00e7evrimin nihai performans\u0131n\u0131 hi\u00e7bir \u015fekilde garanti etmez.<\/p>\n\n\n\n<p><\/p>\n","protected":false},"excerpt":{"rendered":"<p>SAKLAMA KO\u015eULLARI: Depolama odas\u0131 kuru, g\u00fcne\u015fe maruz kalmayan ve +10 \u00b0C ile +30 \u00b0C aras\u0131nda bir s\u0131cakl\u0131\u011fa sahip olmal\u0131d\u0131r. Rev.: 06\/22 Bu sayfada yer alan veriler ve bilgiler, deneyimlerimizin ve do\u011fru laboratuvar testlerimizin sonucudur. Ancak, boyama i\u015flemi kontrol\u00fcm\u00fcz d\u0131\u015f\u0131nda ger\u00e7ekle\u015fen bir dizi i\u015flem oldu\u011fundan, \u00e7evrimin nihai performans\u0131n\u0131 hi\u00e7bir \u015fekilde garanti etmez.<\/p>\n","protected":false},"author":1,"featured_media":77,"parent":0,"menu_order":0,"comment_status":"closed","ping_status":"closed","template":"","meta":{"neve_meta_sidebar":"","neve_meta_container":"","neve_meta_enable_content_width":"","neve_meta_content_width":0,"neve_meta_title_alignment":"","neve_meta_author_avatar":"","neve_post_elements_order":"","neve_meta_disable_header":"","neve_meta_disable_footer":"","neve_meta_disable_title":"","_themeisle_gutenberg_block_has_review":false,"footnotes":""},"class_list":["post-49","page","type-page","status-publish","has-post-thumbnail","hentry"],"_links":{"self":[{"href":"https:\/\/optikim.com.tr\/index.php?rest_route=\/wp\/v2\/pages\/49","targetHints":{"allow":["GET"]}}],"collection":[{"href":"https:\/\/optikim.com.tr\/index.php?rest_route=\/wp\/v2\/pages"}],"about":[{"href":"https:\/\/optikim.com.tr\/index.php?rest_route=\/wp\/v2\/types\/page"}],"author":[{"embeddable":true,"href":"https:\/\/optikim.com.tr\/index.php?rest_route=\/wp\/v2\/users\/1"}],"replies":[{"embeddable":true,"href":"https:\/\/optikim.com.tr\/index.php?rest_route=%2Fwp%2Fv2%2Fcomments&post=49"}],"version-history":[{"count":13,"href":"https:\/\/optikim.com.tr\/index.php?rest_route=\/wp\/v2\/pages\/49\/revisions"}],"predecessor-version":[{"id":765,"href":"https:\/\/optikim.com.tr\/index.php?rest_route=\/wp\/v2\/pages\/49\/revisions\/765"}],"wp:featuredmedia":[{"embeddable":true,"href":"https:\/\/optikim.com.tr\/index.php?rest_route=\/wp\/v2\/media\/77"}],"wp:attachment":[{"href":"https:\/\/optikim.com.tr\/index.php?rest_route=%2Fwp%2Fv2%2Fmedia&parent=49"}],"curies":[{"name":"wp","href":"https:\/\/api.w.org\/{rel}","templated":true}]}}